476281?
True
Does 836 divide 362570692?
True
Is 20 a factor of 1584418233?
False
Is 7 a factor of 6999117?
False
Is 5543 a factor of 616325152?
False
Is 222366152 a multiple of 74?
True
Is 2564 a factor of 40926568?
True
Is 6 a factor of 2615913819?
False
Does 183 divide 14588591?
False
Is 48 a factor of 1137683012?
False
Is 4510120 a multiple of 1612?
False
Is 1060 a factor of 1300981133?
False
Is 11379691 a multiple of 80?
False
Is 1032 a factor of 5065056?
True
Does 52 divide 1521079727?
False
Is 30 a factor of 25781130?
True
Is 11157795 a multiple of 11?
True
Does 291 divide 2453900648?
False
Is 4624972305 a multiple of 303?
True
Is 1193745923 a multiple of 83?
True
Does 4 divide 30105353?
False
Is 7283164 a multiple of 545?
False
Is 7834936 a multiple of 44?
False
Is 120160176 a multiple of 164?
True
Does 240 divide 65161680?
True
Is 99668434 a multiple of 1741?
False
Is 11 a factor of 492800946?
True
Is 1231327 a multiple of 659?
False
Is 703 a factor of 3709416?
False
Does 19 divide 256868505?
True
Is 21346221 a multiple of 71?
True
Does 6 divide 9249380?
False
Is 9 a factor of 18341370?
True
Is 60 a factor of 15638487?
False
Does 7 divide 795207980?
True
Is 38259058 a multiple of 1418?
True
Does 1760 divide 347469760?
True
Does 722 divide 344875963?
False
Is 44169475 a multiple of 1392?
False
Does 1241 divide 642077267?
True
Is 78960611 a multiple of 1648?
False
Is 665 a factor of 15563660?
True
Is 18396916 a multiple of 4?
True
Is 154 a factor of 197462034?
True
Does 14 divide 99861061?
False
Does 10 divide 11365832?
False
Does 1428 divide 1167704160?
True
Is 36292564 a multiple of 5?
False
Is 198799554 a multiple of 4?
False
Does 268 divide 44331189?
False
Is 12 a factor of 4119496020?
True
Is 135233100 a multiple of 5004?
True
Is 12 a factor of 4572168?
True
Is 19198080 a multiple of 432?
True
Does 22 divide 1997024419?
False
Is 373963387 a multiple of 8?
False
Does 32 divide 321146634?
False
Is 2470 a factor of 121792415?
False
Is 14 a factor of 1796903808?
True
Is 1315 a factor of 4373719137?
False
Is 450238044 a multiple of 12?
True
Is 356 a factor of 3320331?
False
Is 581 a factor of 313379199?
True
Does 148 divide 1006648638?
False
Is 108281920 a multiple of 2092?
True
Is 55 a factor of 91979771?
False
Is 24 a factor of 42380328?
True
Is 102662618 a multiple of 806?
False
Does 40 divide 22183433?
False
Is 5 a factor of 90761320?
True
Is 2396 a factor of 75555464?
True
Does 12 divide 84416371?
False
Is 31587150 a multiple of 15?
True
Does 967 divide 394130827?
True
Is 251 a factor of 22293837?
False
Is 1868288212 a multiple of 791?
True
Is 11 a factor of 7604685?
True
Is 1293 a factor of 142478256?
True
Does 127 divide 87596580?
False
Is 38 a factor of 4844506?
True
Does 8059 divide 1428364176?
False
Is 231776780 a multiple of 8?
False
Does 885 divide 146428624?
False
Is 33147230 a multiple of 6?
False
Is 8 a factor of 4241456776?
True
Is 1114 a factor of 31029465?
False
Is 2634 a factor of 159116131?
False
Does 16 divide 5239267491?
False
Does 12 divide 30386304?
True
Is 160 a factor of 5695722?
False
Is 275 a factor of 1802623959?
False
Does 87 divide 39667761?
False
Is 26 a factor of 916090188?
True
Is 57152160 a multiple of 90?
True
Is 241695953 a multiple of 11?
False
Does 281 divide 9606129?
False
Does 4093 divide 11411284?
True
Is 6075 a factor of 1282809167?
False
Is 2181 a factor of 238684278?
True
Is 3046 a factor of 960248454?
True
Does 61 divide 20518038?
False
Does 22 divide 51657980?
True
Does 168 divide 114276792?
True
Does 12 divide 219855348?
True
Is 8 a factor of 511465033?
False
Does 1610 divide 12567329?
False
Does 946 divide 118758637?
False
Is 58762219 a multiple of 25?
False
Is 110796928 a multiple of 22?
True
Does 160 divide 84939039?
False
Is 325315334 a multiple of 918?
False
Does 19 divide 20179976?
True
Is 1181884 a multiple of 22?
True
Is 54 a factor of 102308346?
True
Is 124968192 a multiple of 1798?
True
Is 546085556 a multiple of 194?
True
Does 2663 divide 4464932265?
True
Does 6 divide 4577946?
True
Does 2274 divide 22090031?
False
Is 70 a factor of 2535470?
True
Is 264516328 a multiple of 19?
True
Does 19 divide 1963384?
True
Does 43 divide 1185356?
False
Is 69 a factor of 1141343?
False
Is 50 a factor of 22230100?
True
Is 2416 a factor of 39988266?
False
Does 1421 divide 409974131?
True
Is 822644108 a multiple of 13963?
True
Is 1307747642 a multiple of 13?
False
Is 100 a factor of 3950500?
True
Is 16 a factor of 103920704?
True
Is 60925500 a multiple of 54?
True
Does 21 divide 68026212?
False
Is 102862960 a multiple of 80?
True
Does 43 divide 1082131120?
True
Does 654 divide 466103577?
False
Does 816 divide 972200352?
True
Does 222 divide 17947166?
False
Is 1738291076 a multiple of 38?
True
Is 26 a factor of 502961784?
True
Is 404019610 a multiple of 1357?
True
Does 18 divide 12904910?
False
Is 41 a factor of 6097233?
True
Does 1954 divide 31527790?
True
Is 190 a factor of 39180027?
False
Is 5576107068 a multiple of 9?
True
Is 9879 a factor of 804380815?
False
Does 323 divide 844248356?
True
Is 83 a factor of 1053639464?
False
Is 7700304 a multiple of 11?
False
Is 1335301708 a multiple of 43?
False
Does 433 divide 74823309?
False
Is 36 a factor of 3609348088?
False
Is 112087165 a multiple of 5?
True
Is 121 a factor of 414323602?
True
Is 5 a factor of 274233080?
True
Is 62621625 a multiple of 268?
False
Does 1040 divide 4832084194?
False
Is 2511 a factor of 55173854?
False
Does 78 divide 341423316?
True
Is 42 a factor of 90590682?
True
Does 985 divide 639114295?
True
Is 708456612 a multiple of 148?
True
Is 77576080 a multiple of 808?
True
Does 520 divide 39899600?
True
Is 93989654 a multiple of 11?
True
Does 238 divide 125023304?
True
Is 33728408 a multiple of 497?
True
Does 1176 divide 57895210?
False
Does 25 divide 7910300?
True
Is 30052920 a multiple of 30?
True
Is 2432 a factor of 377427187?
False
Is 47217363 a multiple of 3727?
True
Is 348 a factor of 43333275?
False
Is 146 a factor of 672128194?
False
Is 10347 a factor of 1949515193?
False
Is 2066 a factor of 9964318?
True
Is 4 a factor of 130817432?
True
Is 1771 a factor of 50147636?
True
Does 198 divide 5135526?
True
Is 7059 a factor of 1376639121?
True
Is 334631726 a multiple of 11?
True
Is 53936820 a multiple of 524?
False
Is 47 a factor of 1814138?
False
Is 229199301 a multiple of 1863?
True
Is 54 a factor of 1052124012?
True
Is 981 a factor of 28712889?
True
Is 443 a factor of 34554886?
True
Is 533 a factor of 363199439?
False
Is 108629675 a multiple of 53?
False
Is 4 a factor of 25202988?
True
Is 605881962 a multiple of 2435?
False
Is 801 a factor of 134360541?
True
Is 330 a factor of 1587668610?
True
Is 280 a factor of 162679160?
True
Is 62652135 a multiple of 273?
True
Is 219 a factor of 81836577?
True
Does 288 divide 2382350445?
False
Is 370455360 a multiple of 704?
True
Does 18 divide 1469908782?
True
Does 23 divide 12385063?
True
Is 59625017 a multiple of 2011?
False
Is 124595584 a multiple of 31?
False
Does 764 divide 1838994604?
True
Does 3471 divide 44486343?
False
Is 56021504 a multiple of 5104?
True
Is 65 a factor of 8234590?
True
Is 338 a factor of 31652010?
True
Is 7352 a factor of 3331056895?
False
Is 62583345 a multiple of 207?
True
Does 50 divide 407484650?
True
Is 166013727 a multiple of 3?
True
Is 5263 a factor of 1297268088?
False
Is 597588829 a multiple of 31?
True
Is 418605214 a multiple of 62?
True
Does 2053 divide 23437048?
True
Does 36 divide 321771276?
True
Is 529643125 a multiple of 451?
True
Is 448 a factor of 3411072?
True
Does 2112 divide 321697728?
True
Does 23 divide 261973176?
False
Is 547950848 a multiple of 584?
True
Is 5719595727 a multiple of 2707?
False
Is 4524432511 a multiple of 23?
True
Is 18 a factor of 98442036?
True
Is 335 a factor of 34055184?
False
Does 27 divide 72485510?
False
Is 1310 a factor of 1223529998?
False
Is 28 a factor of 18964596?
True
Is 737402667 a multiple of 1923?
False
Is 12 a factor of 2282766819?
False
Is 76 a factor of 9057376?
True
Does 40 divide 92653413?
False
Does 429 divide 4473862?
False
Does 736 divide 90674464?
True
Is 175 a factor of 459381825?
True
Does 15 divide 68699802?
False
Does 50 divide 10163361?
False
Is 37 a factor of 19917023?
False
Is 16400778